illions digit of 14027134?
1
What is the hundreds digit of 25617?
6
What is the thousands digit of 318139?
8
What is the units digit of 652795?
5
What is the units digit of 2231932?
2
What is the hundreds digit of 1837629?
6
What is the ten thousands digit of 144484?
4
What is the ten millions digit of 40801365?
4
What is the hundred thousands digit of 3330855?
3
What is the hundreds digit of 272752?
7
What is the units digit of 3657829?
9
What is the ten thousands digit of 144948?
4
What is the hundreds digit of 12846640?
6
What is the tens digit of 2328921?
2
What is the ten millions digit of 20119301?
2
What is the hundred thousands digit of 6108454?
1
What is the tens digit of 2169237?
3
What is the ten thousands digit of 170260?
7
What is the units digit of 522384?
4
What is the hundred thousands digit of 5596469?
5
What is the units digit of 333693?
3
What is the ten thousands digit of 963824?
6
What is the millions digit of 2238833?
2
What is the ten thousands digit of 23402313?
0
What is the millions digit of 1015104?
1
What is the millions digit of 1487391?
1
What is the hundred thousands digit of 2814529?
8
What is the hundreds digit of 247364?
3
What is the tens digit of 2512026?
2
What is the tens digit of 151815?
1
What is the millions digit of 2044561?
2
What is the thousands digit of 31757?
1
What is the ten millions digit of 28292534?
2
What is the hundreds digit of 8621356?
3
What is the hundreds digit of 237095?
0
What is the thousands digit of 28526?
8
What is the hundreds digit of 1189170?
1
What is the hundreds digit of 2211607?
6
What is the units digit of 972192?
2
What is the units digit of 466882?
2
What is the millions digit of 1694153?
1
What is the thousands digit of 23652466?
2
What is the hundreds digit of 1474143?
1
What is the tens digit of 3718102?
0
What is the ten thousands digit of 93023?
9
What is the thousands digit of 2251694?
1
What is the units digit of 2267298?
8
What is the tens digit of 13993794?
9
What is the thousands digit of 171975?
1
What is the thousands digit of 3930098?
0
What is the hundreds digit of 465215?
2
What is the ten thousands digit of 3620018?
2
What is the ten thousands digit of 40039059?
3
What is the ten thousands digit of 1175245?
7
What is the ten thousands digit of 303494?
0
What is the ten thousands digit of 660180?
6
What is the ten thousands digit of 11595159?
9
What is the millions digit of 8604640?
8
What is the ten thousands digit of 25779?
2
What is the ten thousands digit of 263949?
6
What is the thousands digit of 1072840?
2
What is the millions digit of 1834232?
1
What is the hundred thousands digit of 5025597?
0
What is the units digit of 15019275?
5
What is the hundred thousands digit of 257355?
2
What is the hundred thousands digit of 1056844?
0
What is the ten thousands digit of 96716?
9
What is the tens digit of 299650?
5
What is the tens digit of 449384?
8
What is the ten thousands digit of 611071?
1
What is the hundreds digit of 7870909?
9
What is the millions digit of 4121420?
4
What is the units digit of 566521?
1
What is the units digit of 1487552?
2
What is the ten thousands digit of 3287677?
8
What is the hundred thousands digit of 29495175?
4
What is the thousands digit of 10206524?
6
What is the tens digit of 2343683?
8
What is the hundred thousands digit of 15653975?
6
What is the millions digit of 1904601?
1
What is the hundred thousands digit of 19720561?
7
What is the ten thousands digit of 356396?
5
What is the units digit of 432038?
8
What is the hundreds digit of 2099353?
3
What is the units digit of 3436287?
7
What is the ten thousands digit of 33826?
3
What is the tens digit of 307746?
4
What is the hundred thousands digit of 464937?
4
What is the tens digit of 6464007?
0
What is the units digit of 1075588?
8
What is the hundred thousands digit of 1093339?
0
What is the ten thousands digit of 726255?
2
What is the units digit of 147555?
5
What is the ten thousands digit of 218035?
1
What is the millions digit of 16241800?
6
What is the ten thousands digit of 1209224?
0
What is the units digit of 195923?
3
What is the hundreds digit of 159448?
4
What is the thousands digit of 739610?
9
What is the hundreds digit of 15060814?
8
What is the tens digit of 5608238?
3
What is the units digit of 797777?
7
What is the ten thousands digit of 1704405?
0
What is the tens digit of 727580?
8
What is the thousands digit of 891473?
1
What is the hundred thousands digit of 202999?
2
What is the units digit of 624541?
1
What is the hundreds digit of 1382280?
2
What is the thousands digit of 13186404?
6
What is the hundreds digit of 8860923?
9
What is the ten thousands digit of 1443429?
4
What is the ten millions digit of 17739768?
1
What is the ten thousands digit of 223851?
2
What is the hundred thousands digit of 152149?
1
What is the hundred thousands digit of 4140663?
1
What is the ten thousands digit of 7132504?
3
What is the units digit of 70129?
9
What is the thousands digit of 1547358?
7
What is the tens digit of 1971894?
9
What is the tens digit of 88120?
2
What is the hundreds digit of 3097821?
8
What is the thousands digit of 1411525?
1
What is the tens digit of 2241932?
3
What is the thousands digit of 29740?
9
What is the tens digit of 811643?
4
What is the units digit of 7292365?
5
What is the thousands digit of 413172?
3
What is the ten thousands digit of 28870185?
7
What is the ten thousands digit of 451376?
5
What is the units digit of 2730807?
7
What is the thousands digit of 26744541?
4
What is the hundreds digit of 19995758?
7
What is the hundred thousands digit of 6487680?
4
What is the units digit of 169804?
4
What is the units digit of 1229086?
6
What is the thousands digit of 25582?
5
What is the units digit of 2358822?
2
What is the hundred thousands digit of 640054?
6
What is the tens digit of 203733?
3
What is the tens digit of 848335?
3
What is the units digit of 188728?
8
What is the millions digit of 2392603?
2
What is the ten thousands digit of 868498?
6
What is the tens digit of 260187?
8
What is the tens digit of 1682025?
2
What is the units digit of 539864?
4
What is the units digit of 3326862?
2
What is the hundreds digit of 2167142?
1
What is the hundred thousands digit of 13443329?
4
What is the thousands digit of 179985?
9
What is the thousands digit of 2925951?
5
What is the units digit of 3517940?
0
What is the hundred thousands digit of 7662140?
6
What is the millions digit of 27130684?
7
What is the millions digit of 6909078?
6
What is the hundreds digit of 993719?
7
What is the ten millions digit of 16438990?
1
What is the units digit of 8457948?
8
What is the thousands digit of 278749?
8
What is the tens digit of 1639313?
1
What is the tens digit of 10811928?
2
What is the ten thousands digit of 1856713?
5
What is the units digit of 286950?
0
What is the tens digit of 4248047?
4
What is the tens digit of 5740964?
6
What is the units digit of 299752?
2
What is the ten thousands digit of 1246239?
4
What is the millions digit of 15665511?
5
What is the thousands digit of 156079?
6
What is the hundred thousands digit of 4160363?
1
What is the thousands digit of 74386?
4
What is the millions digit of 8450254?
8
What is the millions digit of 6603553?
6
What is the hundred thousands digit of 5414398?
4
What is the units digit of 58339?
9
What is the tens digit of 667161?
6
What is the units digit of 370359?
9
What is the thousands digit of 5461637?
1
What is the hundreds digit of 77207?
2
What is the units digit of 6057735?
5
What is the hundreds digit of 466552?
5
What is the ten thousands digit of 655358?
5
What is the ten thousands digit of 553685?
5
What is the hundred thousands digit of 2269849?
2
What is the hundred thousands digit of 3491590?
4
What is the hundred thousands digit of 794138?
7
What is the ten thousands digit of 1496034?
9
What is the millions digit of 5577676?
5
What is the hundreds digit of 7393059?
0
What is the hundreds digit of 110410?
4
What is the hundred thousands digit of 1635662?
6
What is the units digit of 24200787?
7
What is the thousands digit of 187254?
7
What is the tens digit of 2722118?
1
What is the hundred thousands digit of 485508?
4
What is the hundred thousands digit of 1753